e w(-6).
-4
Let r(b) = 5*b - 10. Let o(p) be the third derivative of -1/24*p**4 - 27*p**2 + 1/3*p**3 + 0*p + 0. Let g(k) = -2*o(k) - r(k). Calculate g(4).
-6
Suppose 0 = 3*f - f - 76. Suppose -o + 7 = 3*v - 4, 2*v = 5*o - f. Suppose -4*g = -o, 5*x + 4 = g + 32. Let d(t) = -t**2 + 3*t + 6. Give d(x).
-12
Let n(y) = -23*y**2 + y + 8*y - y**3 + 5 - 30*y**2 - 3 + 60*y**2. Give n(8).
10
Suppose k = 4*p + 3, 60*p - 57*p = 4*k - 12. Let c(q) = -q - 10. Determine c(k).
-13
Let r(v) = 16*v**2 - 207*v - 18. Let k be r(13). Let z(t) = 2*t**2 + 3*t - 5. Calculate z(k).
30
Let j(t) = -159341*t - t**3 - 2*t**2 - 1 + 5*t**2 + 159362*t. Determine j(6).
17
Let a be (0 + -38)*((-20)/(-8))/(-5). Let o = a + -10. Suppose -o*f - 10 = -4*f. Let i(d) = 8*d + 2. Give i(f).
-14
Let m(c) = -9*c - 3. Suppose 619*b = 626*b - 98. Suppose 10 = q + f + 2*f, -3*q + 2*f = b. Determine m(q).
15
Let f(z) be the second derivative of z**4/12 - z**3/2 - 3*z**2/2 + z. Let m = 1326 - 684. Suppose 15*i + 672 = m. Calculate f(i).
7
Let z(m) = -m**2 - 5*m**2 - 13*m**2 + 6*m**2 + 1. Let h(j) = -2*j**2 + j - 1. Let w(l) = -2*h(l) - z(l). Suppose 11*k = 12*k - 1. Give w(k).
16
Suppose 0 = -2*w + 4*m + 28, 4*w - 53 = -2*m + 3. Let f(q) = 4*q + 2. Give f(w).
58
Let i(s) = 2*s**2 - 18*s + 9. Let h(b) = -b**3 - 2*b**2 + 114*b - 63. Let l be h(-12). Determine i(l).
9
Suppose -2*m + 4*m + 6 = 2*o, -5*o - 57 = 4*m. Let x(r) = 2*r**2 - 12*r - 2. Let s(i) = -37*i**2 + 235*i + 48. Let t(n) = -s(n) - 19*x(n). What is t(m)?
-18
Let m(d) = d**2 + 5*d - 3. Suppose 3*r - 10*o = -11*o + 67, 0 = 4*r + 4*o - 76. Suppose 350 = -59*h + r*h. What is m(h)?
47
Let k(r) = -7*r - 5 - r**2 - r**3 + 2*r + 8*r**2. Let l(x) = x**2 - x - 11. Let v be l(-4). Suppose -18 - 9 = -3*i - 3*q, -5*q + v = -i. Determine k(i).
1
Let f = 168 + -180. Let g be (12 + -2)*f/30. Let m(l) = -l**2 + 5*l - 5. Let k(a) = a**2 - 8*a + 7. Let r(q) = -5*k(q) - 7*m(q). Give r(g).
12
Suppose -435 = 5*n - 4*g, 5*n - 4*g + 410 = -5*g. Let l = -83 - n. Let t(z) = -z + 2. Calculate t(l).
2
Let x be 742/265 - (-28)/(-10). Let j(m) be the second derivative of x + 0*m**2 + 7/12*m**4 + 18*m - 1/6*m**3. Determine j(1).
6
Let t(x) = x + 2. Let s(k) = -382*k**2 + 11*k - 12. Let f be s(1). Let w = -373 - f. What is t(w)?
12
Let d be (((-9)/(-6))/3)/(306/(-3060)). Let c(g) = -2*g**2 - 3*g + 6. Let n(t) = 4*t**2 + 5*t - 12. Let r(u) = -7*c(u) - 3*n(u). Calculate r(d).
14
Let u(m) be the first derivative of -m + 11. Let c(n) = -n - 4. Let b(d) = c(d) + 3*u(d). Let k(w) = -2*w - 21. Let i(x) = 8*b(x) - 3*k(x). Determine i(-6).
19
Suppose 0 = -13*y - 20*y + 132. Let d(t) = -1 + 3*t + y*t - 2*t - 3*t - t. Let p be (0 + -4)*10/(-8). Calculate d(p).
4
Let n = -116 - -126. Let u(b) = -7*b**2 + 2*b + n*b**3 - 9*b**3 - 15 + 7. Give u(7).
6
Let g(v) be the second derivative of 0 - 1/6*v**3 + 79*v + 1/20*v**5 - 11/12*v**4 + 4*v**2. Determine g(11).
-3
Let o(p) be the second derivative of -p**5/4 + p**4/12 - p**3/6 - p**2/2 + 62*p. Let q(c) = 2*c**3 + 2*c**2 - c. Let d(y) = o(y) + 2*q(y). Determine d(4).
3
Let a(o) = -2*o**2 + 8*o - 2. Suppose -5*p - 10 = -5*k, -2*p - 2*k = 99 - 119. Determine a(p).
-2
Let x(w) be the third derivative of -w**5/30 - w**4/12 + 4856*w**2. Let d = 12 + -14. Calculate x(d).
-4
Let v(p) = 103*p + 95 + 163 + 94*p - 306*p + 100*p. What is v(28)?
6
Let j = 0 + -4. Let p(v) = -4*v - 8*v + 2 + 11*v + 18*v. Let b(y) = 8*y + 1. Let o(g) = j*p(g) + 9*b(g). Calculate o(-3).
-11
Let z(l) = -l**3 + 28*l**2 + 78*l + 468. Let o be z(31). Let j(y) = y**3 - 2*y**2 - 6*y + 6. Give j(o).
-3
Let y(t) be the second derivative of -t**3/6 - t**2 - 7*t. Suppose 108*a = 102*a. Suppose a = 13*l - 11*l. What is y(l)?
-2
Suppose 11 + 25 = 4*t. Let m be (12/t - 2) + (-6)/18. Let c(o) = -10*o + 1. Determine c(m).
11
Let p(k) = 22*k + 4. Suppose -5*r = 230*v - 231*v - 14, 2*r = 3*v - 10. Determine p(v).
136
Let h(c) = -c + 2 + c - c + 0*c + 0*c. Let t(k) be the second derivative of -k**3/6 + k**2/2 - k. Let x(d) = 3*h(d) - 4*t(d). Determine x(-6).
-4
Let n be 26/(-12) - 25/(-150). Let c(f) = 2*f**2 + 16*f + 30. Determine c(n).
6
Let u(a) = -6*a**3 + 37*a**2 - 4*a - 15. Let x be u(6). Let z(b) = -6*b**2 - 9*b - 8. What is z(x)?
-35
Let t = 25035 - 25022. Let p(f) = -2*f**3 + 26*f**2 + 3*f - 36. Give p(t).
3
Let o(v) = 1 - 3 + 4 - 4 - 3 + v. Let y(r) = 2*r - 21. Let w(l) = -5*o(l) + y(l). Determine w(0).
4
Let j(f) = -22*f**2 + f + 1. Let r be j(1). Let q = r - -24. Let c(d) = 33*d + 0 + 0*d**2 + 2*d**2 - 35*d - q. Give c(3).
8
Let y(n) = -n**2 + 5*n + 1. Let k(v) = 20*v**3 + 17*v**3 + 6*v**2 - 58*v**3 + 4 + 22*v**3. Let i be k(-6). Let x be (1 + -3 + i)*2. Calculate y(x).
5
Let d(h) = h - h + 5*h**2. Suppose 0 = -790*r - 76 - 714. Calculate d(r).
5
Let u(n) = -86*n**2 + 4*n + 0*n + 43*n**2 - 6*n + 44*n**2 + 5 + n**3. Give u(0).
5
Let r be ((-6)/8)/(3/(-24)). Let c(g) = 3*g + 113. Let h be c(-25). Let q(s) = h*s - 35*s + 8*s**2 - 8 + s**3 - 8*s**2 - 7*s**2. Calculate q(r).
-26
Suppose -148 = -240*h - 568 - 780. Let x(z) = -z**3 - 5*z**2 + 5*z + 32. What is x(h)?
7
Let u(v) be the third derivative of v**6/60 + 23*v**5/60 - 5*v**4/12 + 29*v**3/6 - 898*v**2 + 2*v. Calculate u(-12).
5
Suppose -440*q = -508*q + 476. Let b(f) = f**2 - 4*f - 7. What is b(q)?
14
Let v(a) be the second derivative of -a**6/12 + 67*a**2/2 - 3*a - 1. Let y(d) be the first derivative of v(d). Determine y(-1).
10
Let t(s) = -s**3 - 5*s**2 + s + 2. Let j be 160 + (-3 - (-5)/1). Suppose -j = -6*q + 186. Let p = q - 62. Calculate t(p).
-18
Let o(u) be the first derivative of -u**4/2 - 11*u**3/3 - 11*u**2/2 - 3*u - 1053. What is o(-4)?
-7
Suppose -g + 3 = -2. Suppose -f = 4*f + g. Let o(d) be the second derivative of -d**5/20 - d**4/12 - 40*d. Give o(f).
0
Let v(k) = k**3 - 12*k**2 + 25*k + 13. Let u = -14118 + 14127. What is v(u)?
-5
Suppose -398 - 50 = -4*c - d, d = -5*c + 560. Suppose 15*w - c = w. Let r(g) = -g**3 + 9*g**2 - 3*g - 8. What is r(w)?
32
Let q(m) = -6*m**2 + m + 38 - m**3 - 49*m + 6*m + 48*m**2. Give q(41).
-3
Let m(r) be the third derivative of -r**5/60 + 5*r**4/24 + 2*r**3/3 + 21*r**2. Suppose -2*d + 3 = -3*d. Determine m(d).
-20
Let y = 7245/28996 - -1/7249. Let f(u) be the first derivative of 13/2*u**2 + 11/3*u**3 - 14*u - 19 - y*u**4. Calculate f(12).
-2
Let b(n) = n**3 + 4*n - 7. Suppose 256*d - 258*d - 5*m + 21 = 0, d - 15 = -4*m. Calculate b(d).
32
Let y(j) = 34*j + 409. Let i be 387/86*24/(-9). Determine y(i).
1
Let x(f) be the third derivative of f**5/60 + 19*f**4/24 + 14*f**3/3 + 291*f**2. Calculate x(-17).
-6
Let q(z) be the second derivative of -z**4/12 + 13*z**3/6 + 17*z**2/2 + 2*z + 58. Determine q(15).
-13
Let d(n) = 1 - 4 + 2*n - 2 - 1. Let u be (21/84)/((-3)/2)*0/34. Determine d(u).
-6
Let p(j) = -j**2 - 80*j - 1502. Let z be p(-50). Let c(s) = 27*s + 51. Determine c(z).
-3
Let l(a) = a**2 - a - 7. Let x = 1021 - 1009. Suppose f - x = 3*m, -5*m + 2*f = 7*f. Determine l(m).
5
Let k = -52 - -47. Let q = k - -7. Let c(n) = -2*n**2 + 0*n**2 + n**3 - 8*n**q - 1 + 11*n**2 - n. Determine c(-2).
-3
Let u(w) = 8*w - 48. Suppose -29*d - 72461 = -72635. Determine u(d).
0
Let k(h) = h**2 + 5. Let v = 229 - 217. Let s(f) = f**2 + 4*f + 2. Let q be s(-4). Suppose -v*u + q*u = 0. What is k(u)?
5
Let b(z) = z**2 - 3*z + 1. Suppose 5*k = 3*k + 38*k + 108. Determine b(k).
19
Let l(m) = m - 14. Suppose 5*p = 3*p. Let r be (0 - 0) + (p - -8). Suppose 2*t + 4*u = r, 5*t = t - 3*u + 36. Calculate l(t).
-2
Suppose -5*n + 2*k = -74, 5*n - 22 = 4*n + 4*k. Let l(b) = -917*b**2 + 2*b + 1825*b**2 + 16 - 921*b**2 + b**3 - 21*b + 4*b. Calculate l(n).
2
Let d(g) = -25*g + 58. Let y be d(4). Let j be 3 - (2/4 - y/28). Let k(s) = 33*s**2 + s. What is k(j)?
34
Let u(t) be the third derivative of t**5/60 + t**4/24 + 2*t**3/3 + 7*t**2. Let z(y) = -y**2 - 27*y - 92. Let v be z(-23). What is u(v)?
4
Let s = -115 + 229. Suppose 3*n = -5*v + 171, -4*v - s = -2*n - 0*n. Suppose 77 - n = -5*o. Let b(i) = 2*i + 5. Calculate b(o).
-3
Let a be (4 + -1 + (-66)/18)*96. Let m = a + 64. Suppose 0 = -b - 0 - m. Let o(s) = -s - 23. Give o(b).
-23
Let o(n) = -2*n - 5 - n**2 + 0 + 4. Let q(z) = 2*z**3 + 2*z**2 + z - 1. Let i(y) = y + 7. Let a be i(-7). Let k be q(a). Determine o(k).
0
Let w be (2/(-6))/((-14)/84). Sup